 (-25 + 0)) + -10?
8
Calculate -1 + 2 + -5 - -1.
-3
(4 - (3 + 0)) + 4
5
What is -3 + 1 + (-2 - -2) + 3?
1
What is the value of -1 - (0 - (-2 - (1 + -6)))?
2
What is 0 - (7 + -1 + -10)?
4
1 + (1 - (2 - -4))
-4
0 + (-2 - -2) + -3 - -3
0
Evaluate (-2 - -4) + (7 - (-11 - -14)).
6
What is the value of -32 + 24 - ((-3 - -5) + -7)?
-3
-2 + 5 + (-1 - 7)
-5
What is the value of 1 - 1 - -5 - 0?
5
Evaluate 4 + (-2 - -2) + (1 - 4).
1
What is the value of (-7 - -2) + (-13 - -24)?
6
What is 1 + 9 + -4 - 6?
0
1 + -2 - (30 - 30) - -10
9
Evaluate 0 + -1 + (67 - 70).
-4
Evaluate 1 - (1 - 0) - (53 + -56).
3
What is the value of -10 - -10 - (1 + 3)?
-4
Calculate (-3 - -2) + 6 + -7.
-2
Evaluate (-4 - -3) + 18 + 11 + -19.
9
4 - (-3 + 1) - (3 - 4)
7
Calculate 15 - (14 - -7) - (-6 - 1).
1
What is (-3 - -6 - -1 - 1) + -1?
2
6 - 11 - (-3 + 5)
-7
What is 4 - (-7 - -3 - (-1 + -3))?
4
What is the value of -18 + (15 - 0) - -11?
8
Evaluate (12 - 9) + 12 + -4 - 5.
6
Evaluate 8 - 2 - (1 - (0 + -1)).
4
What is (95 - 113) + (1 - -14)?
-3
Calculate (-1 - 8) + 8 + -3.
-4
What is -5 - (11 + -7 + -13)?
4
What is the value of (11 - (1 + 0)) + (-12 - -7)?
5
Evaluate -3 - (0 - 3) - 2.
-2
What is (-3 - 9 - -19) + -15?
-8
Evaluate -8 + 14 + 6 - 9.
3
(0 - -3) + -71 + 65 - 2
-5
Evaluate -14 + 9 - (-8 - 2).
5
Calculate 2 - (4 - (-5 - -6)).
-1
Evaluate 1 + -3 + (7 - (1 + 3)).
1
Calculate (3 - (-2 + -3)) + -4 + -4.
0
Evaluate 12 + (-2 - 13) - (0 + 5).
-8
Evaluate 3 - (-1 + 4 - 3).
3
Evaluate 14 + -1 - (106 - 94).
1
Calculate -3 + (1 - (-8 + 10)).
-4
Evaluate (-7 - 0 - -7) + -3.
-3
What is the value of 4 - 4 - (-2 + -3) - 11?
-6
-11 + 7 + -8 + 3 + 2
-7
What is the value of -2 - 2 - (10 + 7 + -11)?
-10
What is the value of (-2 + (-1 - -4) - -3) + 0?
4
What is the value of 5 + (5 - 1 - 4)?
5
Calculate 5 + (1 + 3 - 3) - 0.
6
Evaluate 3 + (0 - (6 - 2 - 1)).
0
1 + (2 + -2 - 6)
-5
Calculate 3 + -4 + 9 + 1.
9
Evaluate -1 - 7 - (-97 - -90).
-1
What is 4 - (-7 + 3 - -8)?
0
Evaluate 15 + 0 + -7 - 6.
2
Evaluate -6 + 3 - ((3 - 4) + 2).
-4
What is -2 + -1 - (-20 + 16)?
1
-16 + 10 - (-5 + -1)
0
Evaluate 3 - (-11 + 22 + 1).
-9
Calculate -12 + (0 - -7) + 5.
0
What is -10 + (-6 - -24) + -11?
-3
Calculate 6 - (-2 + 6) - -1.
3
Evaluate (0 - -1) + -14 + 17.
4
Calculate 9 + (2 - 15) + 9.
5
What is 4 - ((1 - (-2 + -1)) + 4)?
-4
0 - ((3 - 6) + 3)
0
What is -1 + -5 + (0 - -3) + -4?
-7
(-2 - -7) + -3 + -4 + 3
1
What is the value of -8 + 4 + (-2 - 4)?
-10
-2 - 2 - (-6 + 7)
-5
-1 + (4 - (-4 + 3 + 3))
1
Calculate 4 + (-1 - 3) + -2.
-2
-1 - (0 - -5) - (-17 + 11)
0
Evaluate 7 + 1 + -6 + 0.
2
Evaluate -3 + 1 - (8 - -4 - 20).
6
What is the value of -1 - (4 - (-2 - (6 + -4)))?
-9
Calculate 6 - ((-2 - 0) + 2 + 6).
0
Evaluate -10 - (1 - -2 - 8).
-5
What is the value of -1 + -1 - (-1 + 2 + -2)?
-1
What is 12 + 3 + (0 - (4 - -5))?
6
What is -2 + (15 - 8) - (0 + 3)?
2
(-3 - -3) + -4 + 4
0
Evaluate 0 - (-15 + 13 + 1 + 3).
-2
Calculate 5 - (11 + -10 - -7).
-3
-3 - (-2 + 0) - -5
4
Evaluate 6 + -3 + -4 + -1.
-2
What is the value of 1 + 6 - (22 + -5 + -16)?
6
Calculate 7 - (4 - (-5 - -2)).
0
2 + (5 - (14 + -6))
-1
Calculate (26 - 30) + 6 + 1.
3
7 + -8 + 10 + -10
-1
Calculate 2 - (-5 - -2) - 0.
5
Evaluate (0 + 5 - 1) + 2.
6
What is 0 - 0 - (-8 - -6 - -8)?
-6
What is 4 + (-6 - 0) - (10 - 7)?
-5
What is the value of 4 + 11 + -1 + -10?
4
What is -6 - ((-16 - -5) + 5) - -2?
2
1 - (-3 + 0) - 4
0
-2 + -3 + 4 + -2
-3
8 + 1 - (15 - 4)
-2
Evaluate (-7 - (0 - 3)) + -3 + 1.
-6
Calculate 1 - -4 - (0 + -4 + 6).
3
What is -5 + 3 + 4 - (-3 - 0)?
5
Evaluate (1 - 2) + -3 - (-6 - -3).
-1
What is the value of 7 + (5 + -15 - -4)?
1
What is 1 + -5 + (4 - 4)?
-4
Calculate 9 + 1 + -247 + 235.
-2
(-6 - -9) + -9 - (-4 + 2)
-4
Calculate -4 - (-1 + 0 + -2 + -7).
6
What is the value of 0 - -1 - (-9 + 7)?
3
Evaluate -5 + (2 - (-5 - (-2 - -1))).
1
Evaluate (3 + 2 - 2) + -3 + 3.
3
Evaluate (45 + -40 - (0 - 0)) + 3.
8
Calculate 1 + (-4 - -1 - (0 + -4)).
2
-1 + 12 + -4 + -4 + -8
-5
What is the value of -8 - (-2 + (-1 - 1))?
-4
Calculate 2 - (5 + -3 + -5).
5
What is 3 - (5 - 1) - (15 + -18)?
2
Calculate (-2 - 11) + 7 - (-2 + 0).
-4
What is (-18 - 0) + 3 + (-7 - -13)?
-9
(1 - (-16 + 5)) + -8
4
Calculate 6 + (-6 - -1) + 5 + -5.
1
What is -9 + 0 + 1 + -4 + 6?
-6
-2 + (0 - (-4 + 3) - 5)
-6
0 + (0 - -3 - (-1 + 8))
-4
What is the value of -16 - 0 - (65 - 67) - -6?
-8
(-4 - 0) + 5 + -5
-4
Calculate -2 + -2 - (8 - 17 - -8).
-3
What is -4 + -6 + 13 + -8?
-5
12 - ((12 - 10) + 4)
6
Calculate (0 - (-4 + 18 + -8)) + 4.
-2
Calculate -2 + 1 - (-43 - -35).
7
What is 2 + (-2 - -2) + (22 - 25)?
-1
What is (2 - 1 - 0 - 11) + 4?
-6
Evaluate -7 + 3 + 4 + -5.
-5
What is 10 + (-1 + -6 - -1)?
4
Calculate (-19 - -14) + -2 + 0 + 11.
4
What is the value of 9 + 2 + -3 - (2 - -2)?
4
3 - (0 + 9 + -3 + -6)
3
Calculate (7 - (13 - -3)) + (0 - -3).
-6
Evaluate -2 - -7 - (2 + 3).
0
Evaluate 1 + (2 - -2 - -3).
8
(-2 - -7) + 4 + -1 + -5
3
(0 - (7 - 0)) + 7
0
Calculate -1 - ((-13 - -2) + 4) - 4.
2
What is the value of (-1 - -1) + -4 + (2 - -1)?
-1
What is the value of -2 - 0 - (-46 + 45)?
-1
What is 7 + 4 + -11 + (-5 - -2)?
-3
What is 17 + (1 - 12) - (3 - 1)?
4
What is the value of 8 - (4 - (0 - (0 + 0)))?
4
Evaluate 1 - 3 - (-4 + -3).
5
Evaluate 2 + -6 + 2 + (4 - -1).
3
What is -10 + -2 + 7 - -11?
6
Evaluate (2 - 2) + (-5 + 1 - -2).
-2
What is 2 + (-6 + 4 - 0)?
0
Calculate 4 - -3 - (-7 - -20).
-6
Calculate 1 + -2 + 5 + -1.
3
What is -3 - (1 + -5) - 2?
-1
What is 0 - (3 + -1) - -5?
3
-7 + -10 + 12 + (0 - 0)
-5
Evaluate -2 + (0 - -12 - 13).
-3
What is -4 - (-10 + (1 + -4 - -2))?
7
What is the value of 5 + (2 - 7) - -2?
2
What is the value of -2 + 8 + -1 - 4?
1
What is the value of (-5 - -9) + 4 - (28 + -10)?
-10
Evaluate 1 - 7 - (-1 + 0).
-5
Calculate 0 + 1 + 4 + -1 + -6.
-2
Calculate -4 + 4 + 1 + 2 + 0.
3
What is -6 - -14 - (-2 - -9)?
1
Calculate -4 + -2 - (-15 - -11).
-2
Evaluate -10 + 0 + -14 + 19 + 7.
2
Calculate 2 - (1 - 0) - (-2 + -2).
5
Evaluate 2 - ((-5 - 2) + 2 + 3).
4
What is the value of 7 + (-5 - (-2 + (-2 - -3)))?
3
What is the value of -3 - (2 - 2) - -4?
1
Calculate 0 + (10 + -4 - 7).
-1
What is 5 - 1 - (1 + -5 + 7)?
1
Calculate (14 + 9 - 8) + -11.
4
Calculate -13 + 2 + (-8 - -15) + -4.
-8
Evaluate 0 - -3 - ((7 - -7) + -22).
11
Evaluate 1 + 2 - (1 - (4 + -7)).
-1
2 - ((1 - 1) + 4)
-2
What is -2 + -1 - (1 - (8 - 5))?
-1
What is (-1 - 1) + 1 + -6 + 3?
-4
What is the value of (1 + 2 - 0) + -1 - -2?
4
Calculate 0 + (-3 - 0) + 4 - 3.
-2
What is the value of 4 - (-7 - (-3 - 4))?
4
What is -11 - -24 - (6 - -10)?
-3
-1 + -2 + (1 - -3)
1
What is -2 - -4 - (2 - 2)?
2
What is (-3 - -2) + -2 + 6 + -3?
0
3 + 6 + (-6 - 4)
-1
What is the value of -6 + 3 + 0 + (-29 - -36)?
4
What is the value of (5 - 2) + -7 + 11?
7
What is the value of -1 + (0 + -2 - (16 + -13))?
-6
Calculate 5 - (-5 + -4 + 16).
-2
What is -12 - (-6 - (-9 + 7))?
-8
Calculate -2 + 5 + -4 - -1.
0
Calculate 6 - (0 - 0) - 2.
4
Calculate -6 + -9 + 8 + 0 + 13.
6
Calculate -1 - ((-4 - 2) + 5).
0
What is -7 - (-3 + -12 - -3)?
5
Calculate -15 + (-5 - -4 - -6).
-10
Evaluate (16 - (8 - 5)) + -7.
6
Evaluate (1 + -2 - 5 - -2) + 1.
-3
What is the value of -5 + -2 + (7 - (3 - -1))?
-4
5 - (3 + (6 - 6))
2
What is the value of 4 - (4 + -4 - 0)?
4
What is -11 - (-3 + (5 - 9) - -4)?
-8
What is the value of -4 - 1 - (2 - 8 - -6)?
-5
What is 5 + -7 - 3 - -5?
0
Evaluate 5 + (0 + 2 - (-1 - -3)).
5
Evaluate -3 - -5 - (-5 + 6 + -3).
4
What is 11 - (8 + -1) - 5?
-1
(-18 - (-18 + 4)) + -1 + -4
-9
Calculate 3 + -5 + 2 + 2.
2
Evaluate 2 - (3 + 1 - 5) - 6.
-3
Evaluate 2 + -1 - (-2 + 7 + -7).
3
Evaluate -11 - -13 - (0 + -2 - -8).
-4
Evaluate 2 - (-17 + 8 + 4).
7
(106 - 92) + (1 - 6 - 1)
8
(-39 - -40) + -1 + -1
-1
What is the value of -1 + (6 - 5) + -8 - -15?
7
What is the value of (11 - (6 + -6)) + -13?
-2
What is the value of (-11 - -1) + (6 - 0) + 0?
-4
Evaluate 10 + (-11 - 1 - -7).
5
Evaluate (42 + -48 - (-9 - 1)) + 3.
7
What is the value of 12 - 10 - (0 - (-1 - 0))?
1
What is 2 + -3 + 0 - (11 + -4)?
-8
What is the value of (4 - -4) + -10 + 3?
1
Calculate -6 + 5 - (1 - 3).
1
Calculate (-21 + 26 - (0 + 9)) + 10.
6
Evaluate 34 + -25 - (8 - 2).
3
Evaluate 3 - (0 + 1 - (0 + 1)).
3
Calculate 1 + (2 - 5 - -11) + -5.
4
Calculate 4 + (-3 - 2) - 2.
-3
11 + -25 + 11 - (0 - 